uppose -m*o + 4*p = -2011, -15*o + 11*o - 3*p + 2723 = 0. What is the tens digit of o?
7
Let n(x) be the second derivative of 11*x**3/6 - 7*x**2/2 + 12*x. Suppose -2*j = -10 - 4. What is the tens digit of n(j)?
7
Suppose 0*i = -4*i + 120. Suppose -2*p + i = 30. Suppose p = 3*x - 451 - 122. What is the tens digit of x?
9
Suppose 111 = 6*k + 69. Suppose 9660 = -k*m + 17*m. What is the hundreds digit of m?
9
Suppose -4*y + 24 = -k, -4*y = -3*k - y - 27. Let c be k/(-2) + 13 - 4. Suppose -24 = -7*j + c. What is the units digit of j?
5
Suppose 63*k - 246811 = 1681 + 81628. What is the thousands digit of k?
5
Let g = 149 + -147. Suppose 2*h + g*b = 1762, 3530 = 4*h + 4*b - 3*b. What is the units digit of h?
3
Let g be 1160/56 + (-2)/(-7). Suppose -u - u - 5*h = -29, -35 = -2*u + h. What is the tens digit of (-1 + g)*u/4?
8
Let y(j) = -39*j - 207. Let z be y(-6). What is the tens digit of ((-2008)/2)/(-2) + 27/z?
0
Suppose 11791374 = 71*s + 230*s. What is the hundreds digit of s?
1
Let i = -107 + 108. Let o be -2*(-236)/4 - i. What is the tens digit of 4108/o + 2/(-36)*2?
3
Let h be 1232/(-168) - 4/6. What is the hundreds digit of 857 - -30 - (h + 2)?
8
Suppose 9*s - 4*s + 2*q + 50 = 0, 3*s = 5*q + 1. What is the tens digit of (-2 - 244/s)*88/6?
1
Suppose 25*s - 9780 = 20*s. Let g = -1098 + s. What is the hundreds digit of g?
8
Suppose -3*t = 2*t. Suppose -5*u - 7*o = -4*o + 15, -3*u + o = -5. Suppose a + u*a - 71 = t. What is the units digit of a?
1
Let o = 36 + -33. Suppose 6*m = -x + m - 11, 3*m = o*x - 21. What is the hundreds digit of 20/(-5) + 163 - x?
1
Let i be ((-9)/9)/(-2 - (-45)/21). Let w(r) = r**3 + 11*r**2 + 11*r + 22. What is the hundreds digit of w(i)?
1
Suppose -3*y - f = -9, -y + 25 - 8 = 5*f. Let s be 146/(10/(-25) + 0). What is the units digit of s/(-5) - y - -3?
4
Let y(l) = 21*l**2 - 4*l + 51. Let p be y(7). Suppose -2*i = 10*x - 12*x - 2098, 0 = -i - 2*x + p. What is the thousands digit of i?
1
Let s(y) = -12*y - 241. Let d be s(0). Let j = d + 630. What is the units digit of j?
9
Suppose 2*y = 5*y + 282. Let c = 306 + y. Let w = c + -142. What is the units digit of w?
0
Suppose 5*s + 4*b = -63, -6*b + 3*b = 3*s + 39. Let n(i) = -3*i**2 - 12*i + 35. Let h be n(s). What is the units digit of ((-1)/2)/(7/h)?
4
What is the units digit of 2152 - (-7 + -6) - 8?
7
Let r be (4 - -6)/(-5) + 10. Suppose 94 = -r*z + 9*z. Suppose -z = 3*t - 4*t - 2*k, -k = -5*t + 437. What is the tens digit of t?
8
Suppose 38*x - 34*x - 20 = 0. Suppose -z - 85 = -2*v, -x*z + 4*v = -z + 344. What is the units digit of 5/30*-2*z?
9
Let y be 3/((-1)/1)*(-15)/9. Suppose -y*v = -2*v - 1413. What is the hundreds digit of v?
4
Let f(a) = 3*a**3 - 9*a**2 - 19*a + 17. Suppose 4*v - 8 = -2*b + 6*v, b + 4*v - 24 = 0. What is the hundreds digit of f(b)?
8
Let p = 23004 + -16064. What is the hundreds digit of p?
9
Let u(t) = -t**2 + 8*t + 155. Let b be u(17). What is the thousands digit of (-21 + (1 - b))*222/(-4)?
1
Let c(h) = 6*h**3 + 4*h**2 + 101*h - 1397. What is the thousands digit of c(14)?
7
Let x(z) = 1327*z**2 - 40*z - 46. What is the hundreds digit of x(4)?
0
Suppose -68*g + 20 = -63*g. Suppose -g*v + 2786 - 822 = 0. What is the units digit of v?
1
Let g = 1444 - 665. Let y = -549 + g. What is the tens digit of y?
3
Suppose -3*i + 3*f = -1896, -i + 5*f - 2528 = -5*i. Let j = i - -499. What is the tens digit of j?
3
Let v = -6716 - -7243. What is the tens digit of v?
2
Let j = -43690 + 62494. What is the thousands digit of j?
8
Suppose -5*s - 328 = -328. Suppose 3*p + 5*y - 1603 = -p, p - 5*y - 382 = s. What is the units digit of p?
7
Let z be (1/(1/(-2)))/(36 - 37). Suppose -z*p - 3 + 13 = 0. Suppose c - 143 = -5*i + 3*c, -151 = -p*i + 4*c. What is the units digit of i?
7
Let g(k) = -7*k**2 - 17*k + 1. Let f be g(-4). Let y = f - -163. What is the tens digit of y?
2
Suppose 11*o - 7*o = m + 2750, -3*o - m + 2066 = 0. What is the hundreds digit of o?
6
Let b = 4 + -1. Let x be (54/81 - 68/30)/(10/100). What is the units digit of x/4 - -49*b?
3
Suppose 84*o - 92*o = -32. What is the units digit of ((-7990)/(-50) - -9) + o/(-5)?
8
Let d = -2282 + 53906. What is the thousands digit of d?
1
Suppose 8068 - 1540 = 4*j - 4*z, -2*j + 3280 = 2*z. Suppose -530 = g + 4*b, -5*g + 4*b = j + 918. Let o = -250 - g. What is the tens digit of o?
6
Let y be ((-4)/10)/((-33943)/(-6790) + -5). Let h = 648 - y. What is the hundreds digit of h?
2
Let o(w) = 16*w**2 - 358*w - 571. What is the tens digit of o(46)?
1
Let z(a) = a**3 + 49*a**2 - 16*a - 174. What is the units digit of z(-46)?
0
Let k = -13381 + 34819. What is the thousands digit of k?
1
Let h = -48 - -46. Let r(s) = 2*s + 7. Let b be r(h). Suppose -1250 = -5*q - y + b*y, 0 = 5*q + 2*y - 1250. What is the tens digit of q?
5
Suppose 48*m = 55*m - 3269. Let g = m - 12. What is the units digit of g?
5
Suppose 3*t + 41 = -g - 52, -g + 4*t - 65 = 0. Let m(c) = -63*c + 2. Let b be m(-2). Let w = b + g. What is the units digit of w?
7
Suppose q + 0*q + 5*y + 46 = 0, -2*y = 4*q + 202. Let n = q + 102. What is the tens digit of n?
5
Let r = -15 + 20. Let y be (-1)/(-5) + (-2346)/r. Let b = -190 - y. What is the tens digit of b?
7
Suppose -2*i + 7*i + w = 41, -5 = -i - w. Suppose i*n + 79 = 11*n + 5*r, 5*n - 145 = 5*r. What is the units digit of n?
2
Let u = 26 - 22. Suppose 4*f + 3*w - 18 + 2 = 0, 5*f - u*w = -11. What is the units digit of f*-11*(-1 - 4)?
5
What is the tens digit of (-66)/99 + ((-438160)/12)/(-2)?
5
Let n be ((-1)/2)/((-3)/30). Let t be (210 - n)*9/(-15). Let m = t + 220. What is the units digit of m?
7
What is the thousands digit of (5330818/560 - (-6)/105) + 6/(-16)?
9
Let z = 227 + 197. Let n = z + -71. What is the hundreds digit of n?
3
Suppose -4*i + 0*l = -3*l, 8 = 2*l. Suppose 2*c + 400 - 116 = 4*p, -2*p + 3*c = -138. Suppose i*v - p = -18. What is the tens digit of v?
1
Let i(h) = 855*h - 526. What is the units digit of i(17)?
9
Suppose -3*i - 4*y = i + 16, -y = -i. Let o be -2 + (i - -1) + 5. Suppose -4*r = -3*c + o*c - 184, 2*c = 3*r - 133. What is the tens digit of r?
4
Let c = 13161 + 24605. What is the hundreds digit of c?
7
Suppose 4*c = -2 + 18. Suppose 0 = c*q + 5*d - 27, -4*q + 3*d = -2*d + 3. What is the tens digit of 1/q + 680/30?
2
Suppose 186*y - 180*y - 48 = 0. Let w(s) = s**3 - 7*s**2 - s + 57. What is the hundreds digit of w(y)?
1
Let o = 932 + -544. Let m be (o/(-3))/(11/(-99)). Suppose 16*n - 4*n = m. What is the tens digit of n?
9
Let n(b) = -453*b**3 - b**2 - 7. What is the hundreds digit of n(-3)?
2
What is the hundreds digit of 2643 - -4*(10/(-40) - 2)?
6
Suppose -518 - 2984 = -4*f + 3886. What is the thousands digit of f?
1
Let f(i) = -i**3 - 2*i**2 - i + 5. Let x be f(-4). Let r = -36 + x. Suppose a - r = 1. What is the units digit of a?
6
Let p(n) = 316*n - 51. Let o be ((-20)/(-12) - -1) + 4/12. What is the hundreds digit of p(o)?
8
Let x = 91 - 82. Suppose x*y - 4 = 7*y. Suppose -966 = -5*a - 0*v - 3*v, -y*v + 4 = 0. What is the tens digit of a?
9
Suppose -2*t + 4*k + 31626 = 0, 4*t + 699*k - 698*k - 63270 = 0. What is the hundreds digit of t?
8
Suppose 0 = 79*r - 101949 - 732370. What is the units digit of r?
1
Let d be 6*(-1)/(-2) + -2 + 2. Let h be ((-21)/(-4))/d + 1/4. Suppose 0 = -3*x - h*g + 57, 3*x - 5*g = 5*x - 38. What is the tens digit of x?
1
Let h(c) = 2 + 7*c**2 - 48859*c + 48897*c + 5. What is the hundreds digit of h(-13)?
6
Let i = 4 - 2. Let m be 217/28 - i/(-8). Suppose -3*f - f = -m, -5*s + 268 = 4*f. What is the units digit of s?
2
Suppose 29*i = 18*i + 8459. Let x = 554 + i. What is the units digit of x?
3
Let p = -568 + 111. Let v = p + 678. What is the tens digit of v?
2
Let v be 2 + (-1316)/6*105/(-10). Suppose b - 3*l - 481 = 0, 5*b = -0*l - 5*l + v. What is the tens digit of b?
6
Let a(y) = y**3 + 13*y**2 - 10*y + 58. Let k be a(-14). Suppose -l - 1286 = -k*o, -4 = 25*l - 27*l. What is the units digit of o?
4
Suppose 0 = -17*m + 426911 + 757010 - 63400. What is the units digit of m?
3
Let p(m) = m**3 - m**2 - 6*m + 6. Let y be p(3). Let f be (4/y)/(8/684). Suppose 0 = 4*x - f - 39. What is the units digit of x?
4
Suppose 4272 = -28*l + 475848. What is the thousands digit of l?
6
Let w = 2558 + -1447. What is the units digit of w?
1
Let b(t) = t**2